f 967669?
487, 1987
List the prime factors of 88499.
88499
What are the prime factors of 17896181?
607, 29483
What are the prime factors of 168111?
3, 18679
What are the prime factors of 7482364?
2, 1870591
List the prime factors of 2761047.
3, 89, 383
List the prime factors of 242783.
107, 2269
List the prime factors of 1833305.
5, 43, 8527
What are the prime factors of 173939?
281, 619
What are the prime factors of 7436872?
2, 929609
List the prime factors of 147110.
2, 5, 47, 313
List the prime factors of 6963380.
2, 5, 397, 877
List the prime factors of 26885718.
2, 3, 1493651
List the prime factors of 2070402.
2, 3, 345067
List the prime factors of 8453.
79, 107
What are the prime factors of 300440?
2, 5, 7, 29, 37
List the prime factors of 828137.
43, 19259
List the prime factors of 424279.
37, 11467
What are the prime factors of 50181?
3, 43, 389
What are the prime factors of 13663844?
2, 3415961
What are the prime factors of 349703?
149, 2347
What are the prime factors of 221398?
2, 23, 4813
What are the prime factors of 26949954?
2, 3, 4491659
List the prime factors of 187497.
3, 83, 251
List the prime factors of 253730.
2, 5, 25373
What are the prime factors of 1031445?
3, 5, 22921
List the prime factors of 5193703.
5193703
List the prime factors of 16270311.
3, 53, 102329
What are the prime factors of 347432?
2, 137, 317
List the prime factors of 1629514.
2, 283, 2879
List the prime factors of 10036969.
733, 13693
What are the prime factors of 50992?
2, 3187
What are the prime factors of 4324261?
4324261
List the prime factors of 3208036.
2, 13, 17, 19, 191
What are the prime factors of 368066?
2, 73, 2521
What are the prime factors of 14506101?
3, 19, 28277
What are the prime factors of 1478155?
5, 7, 157, 269
What are the prime factors of 1053261?
3, 11, 10639
What are the prime factors of 31166495?
5, 23, 271013
List the prime factors of 2994117.
3, 7, 23, 6199
What are the prime factors of 15002534?
2, 17, 441251
List the prime factors of 244782.
2, 3, 1511
List the prime factors of 4448640.
2, 3, 5, 7, 331
List the prime factors of 150476.
2, 37619
What are the prime factors of 14320863?
3, 1591207
What are the prime factors of 17373225?
3, 5, 231643
List the prime factors of 3738462.
2, 3, 7, 13, 41, 167
What are the prime factors of 584736?
2, 3, 6091
List the prime factors of 80628.
2, 3, 6719
List the prime factors of 245591.
245591
List the prime factors of 472.
2, 59
List the prime factors of 24799.
24799
List the prime factors of 497622.
2, 3, 197, 421
What are the prime factors of 147413?
7, 21059
List the prime factors of 1463542.
2, 53, 13807
What are the prime factors of 4738342?
2, 7, 17, 43, 463
What are the prime factors of 3890534?
2, 1129, 1723
List the prime factors of 506098.
2, 253049
List the prime factors of 1166178.
2, 3, 13, 14951
What are the prime factors of 976381?
7, 139483
List the prime factors of 186949.
7, 17, 1571
List the prime factors of 4805193.
3, 1601731
List the prime factors of 9127909.
7, 1303987
List the prime factors of 5290128.
2, 3, 17, 2161
List the prime factors of 302802.
2, 3, 109, 463
List the prime factors of 15526918.
2, 11, 705769
List the prime factors of 297510.
2, 3, 5, 47, 211
What are the prime factors of 282861?
3, 53, 593
List the prime factors of 383757.
3, 11, 29, 401
List the prime factors of 6388.
2, 1597
List the prime factors of 6127687.
6127687
List the prime factors of 2082619.
7, 11, 17, 37, 43
What are the prime factors of 4616167?
4616167
List the prime factors of 2875325.
5, 115013
List the prime factors of 2383272.
2, 3, 79, 419
What are the prime factors of 2933673?
3, 17, 23, 41, 61
What are the prime factors of 9643082?
2, 4821541
List the prime factors of 951300.
2, 3, 5, 7, 151
What are the prime factors of 449824?
2, 14057
What are the prime factors of 1446262?
2, 43, 67, 251
List the prime factors of 1102346.
2, 7, 71, 1109
What are the prime factors of 1053896?
2, 103, 1279
List the prime factors of 2535162.
2, 3, 7, 8623
List the prime factors of 5757561.
3, 71081
List the prime factors of 970755.
3, 5, 64717
What are the prime factors of 68007?
3, 22669
List the prime factors of 3348861.
3, 67, 16661
List the prime factors of 237343.
237343
List the prime factors of 37268.
2, 7, 11
What are the prime factors of 575093?
17, 33829
What are the prime factors of 2638374?
2, 3, 439729
List the prime factors of 292088.
2, 29, 1259
List the prime factors of 2365389.
3, 13, 23, 293
What are the prime factors of 17290122?
2, 3, 17, 337, 503
What are the prime factors of 4972911?
3, 37, 71, 631
List the prime factors of 2207882.
2, 31, 149, 239
What are the prime factors of 12329979?
3, 101, 40693
List the prime factors of 14556969.
3, 7, 11003
What are the prime factors of 153821?
193, 797
What are the prime factors of 165536?
2, 7, 739
What are the prime factors of 388537?
37, 10501
List the prime factors of 636921.
3, 70769
List the prime factors of 3017471.
3017471
List the prime factors of 3053633.
11, 277603
List the prime factors of 668993.
13, 51461
List the prime factors of 246329.
246329
What are the prime factors of 631259?
631259
List the prime factors of 877799.
13, 67523
What are the prime factors of 1040292?
2, 3, 11, 37, 71
What are the prime factors of 13855923?
3, 1539547
List the prime factors of 874649.
71, 97, 127
List the prime factors of 5843144.
2, 53, 13781
What are the prime factors of 4453945?
5, 890789
What are the prime factors of 696631?
13, 41, 1307
List the prime factors of 31592709.
3, 37, 94873
What are the prime factors of 376394?
2, 188197
What are the prime factors of 122359?
37, 3307
List the prime factors of 548514.
2, 3, 31, 983
List the prime factors of 13812273.
3, 727, 2111
List the prime factors of 36718516.
2, 1321, 6949
List the prime factors of 1203667.
1203667
List the prime factors of 5105511.
3, 63031
List the prime factors of 44710.
2, 5, 17, 263
List the prime factors of 5411771.
5411771
What are the prime factors of 3409560?
2, 3, 5, 7, 11, 41
What are the prime factors of 5160667?
199, 25933
What are the prime factors of 1611044?
2, 402761
List the prime factors of 3184676.
2, 11, 72379
List the prime factors of 147586.
2, 109, 677
What are the prime factors of 933399?
3, 37, 2803
What are the prime factors of 127571?
29, 53, 83
List the prime factors of 12299190.
2, 3, 5, 29, 67, 211
List the prime factors of 200938.
2, 100469
What are the prime factors of 162889?
162889
List the prime factors of 3828088.
2, 11, 41, 1061
What are the prime factors of 213763?
11, 19433
What are the prime factors of 1157667?
3, 7, 55127
List the prime factors of 894470.
2, 5, 23, 3889
What are the prime factors of 1558333?
7, 222619
List the prime factors of 1763490.
2, 3, 5, 29, 2027
List the prime factors of 4137295.
5, 173, 4783
List the prime factors of 1629884.
2, 407471
List the prime factors of 893618.
2, 11, 151, 269
List the prime factors of 3701729.
3701729
What are the prime factors of 1458976?
2, 127, 359
What are the prime factors of 6783051?
3, 11, 17, 107, 113
What are the prime factors of 1135801?
19, 59779
List the prime factors of 19628953.
251, 78203
List the prime factors of 2528961.
3, 842987
What are the prime factors of 3184611?
3, 53, 20029
List the prime factors of 165317.
165317
What are the prime factors of 5295364?
2, 17, 43, 1811
List the prime factors of 199549.
7, 29, 983
List the prime factors of 14242.
2, 7121
List the prime factors of 139924.
2, 34981
What are the prime factors of 959937?
3, 11, 19, 1531
List the prime factors of 9129727.
53, 172259
What are the prime factors of 7184984?
2, 47, 97, 197
What are the prime factors of 24159475?
5, 966379
List the prime factors of 1691823.
3, 7, 17, 677
What are the prime factors of 2027439?
3, 47, 4793
List the prime factors of 127404.
2, 3, 3539
List the prime factors of 1933178.
2, 13, 74353
What are the prime factors of 3020222?
2, 23, 65657
List the prime factors of 198210.
2, 3, 5, 6607
What are the prime factors of 51838?
2, 25919
List the prime factors of 11647302.
2, 3, 643, 3019
List the prime factors of 289055.
5, 13, 4447
List the prime factors of 1115006.
2, 79, 7057
What are the prime factors of 537524?
2, 13, 10337
What ar